alculate the remainder when 192 is divided by g.
24
Suppose 13*w + 2*v = 8*w + 226, 4*w + 3*v - 178 = 0. Calculate the remainder when w is divided by 25.
21
Suppose 2*z - 2*a + 42 = 6*z, 3*z - 2*a - 49 = 0. What is the remainder when (24 - 2)*(-23)/(-23) is divided by z?
9
Let p = 1254 - 1252. Let k(y) = -12*y + 1. Calculate the remainder when k(-1) is divided by p.
1
Suppose 3*i = -i + 36. Let z be i/12 + (-339)/4. Let h = -57 - z. Calculate the remainder when 107 is divided by h.
26
Suppose -21 - 1 = -x + l, -3*x = l - 58. Let u(j) = 3*j**3 + 5*j**2 + j - 4. Let w be u(-4). Let s = -61 - w. What is the remainder when s is divided by x?
19
Let m = -634 - -738. Calculate the remainder when m is divided by (0 + 8 + -1)*3.
20
Let z(p) = -2*p**3 - 165*p**2 + 81*p - 60. Suppose 0 = 3*u - 16 - 20. Calculate the remainder when z(-83) is divided by u.
10
Suppose -4*f + 54 = 13*y - 15*y, 0 = f - 3*y - 6. Calculate the remainder when 22 is divided by f.
7
Suppose 50*g - 3323 = 227. Calculate the remainder when 75 is divided by g.
4
Let c = -23 + 29. Let x(u) = 4 + 3*u + 2*u - 3*u. What is the remainder when 46 is divided by x(c)?
14
Let j(i) = -i**3 - 3*i**2 - 6*i + 27. What is the remainder when j(-4) is divided by 14?
11
Let t be (-2)/6 - (126/27 + -1). Suppose -u + 2*x + 28 = u, -43 = -5*u - 4*x. What is the remainder when u is divided by (t + 42/9)*6?
3
Suppose -73*s = -3829 + 179. What is the remainder when 1547 is divided by s?
47
Let j(o) = -o**2 - 21*o - 61. What is the remainder when 135 is divided by j(-11)?
37
Suppose 35 - 10 = 5*x. Let c be (-5)/(45/6) - 32/(-12). Suppose 0 = c*h - x*t - 110, -2*h + 2*t = -0 - 104. Calculate the remainder when h is divided by 17.
16
Suppose 0 = 4*p - 2*r - 70, 0 = p + 3*r - 4*r - 15. Suppose -2*z = -19 - 3. Calculate the remainder when p is divided by z.
9
Let t = 388 + -373. What is the remainder when 126 is divided by t?
6
Calculate the remainder when (-3)/(33/(-2)) - (-24256)/176 is divided by 12.
6
Let z(b) = 2*b**3 - 11*b**2 + 8*b + 22. Calculate the remainder when 507 is divided by z(4).
3
Let a(r) = r**2 - 7*r + 13. Calculate the remainder when 34 is divided by a(2).
1
Let q(f) = f**3 - f**2 - 12*f + 10. What is the remainder when q(6) is divided by 55?
8
Let c be (1 + 11)*3/2. Let v = c + 30. Calculate the remainder when v is divided by ((-2)/3)/(3/(-45)).
8
Suppose -5*y = -3*b - 26, 0 = 2*b - 2 + 6. Calculate the remainder when -4 - -3*(-3 + 12) is divided by (y + -3)*1 - -11.
11
Let c = -188 + 318. Let w(d) = d**3 - 9*d**2 + 10*d - 5. Let u be w(10). Let h = u - c. What is the remainder when h is divided by 17?
14
Let n be (6 - (-3 - -6)) + 0. Let o = n - 1. Let a(t) = 5*t**3 + 3*t**2 - 4*t + 2. Calculate the remainder when a(o) is divided by 12.
10
Suppose -18*x + i + 404 = -13*x, -3*i + 388 = 5*x. Suppose 2*a - 69 = 13. Calculate the remainder when x is divided by a.
39
Suppose 576 = -0*v + 4*v. What is the remainder when v is divided by 680/18 - 25/(1800/(-16))?
30
Let y = -668 + 875. What is the remainder when y is divided by 26?
25
Let h(r) = r**3 - 3*r**2 + r + 4. Let x be h(3). Let y(c) = c**3 + 6*c + x*c**2 + 6*c - 9*c. What is the remainder when 51 is divided by y(-6)?
15
Let c(r) = 12*r - 9. Calculate the remainder when c(7) is divided by 19.
18
Let w = -27 - -58. Suppose -w = k - 84. Calculate the remainder when k is divided by 28.
25
Let b(d) = 3*d. Let p be b(2). Suppose -o = -p + 5. Calculate the remainder when 1*(23 - (o - 1)) is divided by 13.
10
Let u(t) = -7*t - 45. Let r be u(-14). Let n = 79 - r. Calculate the remainder when 127 is divided by n.
23
Let s = -153 + 160. Suppose 0 = 16*x - s*x - 27. What is the remainder when ((-2)/2)/(2/(-10)) is divided by x?
2
Suppose 145*o = 146*o - 6. Let m(c) = c**3 - 4*c**2 - 6*c - 4. What is the remainder when 44 is divided by m(o)?
12
Let q(f) = f**3 - 3*f**2 - f + 9. Let o be q(3). What is the remainder when (423/12 + -2)/(o/24) is divided by 45?
43
Let o = 439 + 180. What is the remainder when o is divided by 31?
30
Let k(j) = j**3 - 15*j**2 - 14*j - 11. Let z be k(16). Suppose 4*w + 16 = 5*w. Let l = z + w. Calculate the remainder when l is divided by 20.
17
What is the remainder when 22 - (-1 + 3 - 1) is divided by 9?
3
Let w = 125 + -114. Calculate the remainder when 1/2 + 196/8 is divided by w.
3
Calculate the remainder when ((-162)/4 + -1)/(103/(-412)) is divided by 14.
12
Let g be (-2)/(-8) - 1/4. Suppose 3*k - 48 = -g*k. What is the remainder when 4*(-2)/(-24)*186 is divided by k?
14
Let d(w) = 5*w**3 + 4*w**3 + 13*w**3 - 3*w**3 + w. Suppose 8 = f + c, f + 13*c - 11*c = 8. What is the remainder when d(1) is divided by f?
4
Let b(f) = -29*f + 7. Let l be b(-3). Suppose -l*t = -91*t - 12. What is the remainder when 5 is divided by t?
1
Let g = -65 + 102. Suppose -2*b = 5*c - 48, b = -c + 3*c + 6. Let a = 22 - b. Calculate the remainder when g is divided by a.
5
Let b(y) = -5*y - 4. Let u be b(-1). What is the remainder when 26 is divided by u + 3 + 5 + -2?
5
Suppose -34*a + 106 = 3*q - 30*a, 4*a - 30 = -q. What is the remainder when 180 is divided by q?
28
Suppose 2*k - 27 = 5*o - 60, -4*o + 4*k = -24. What is the remainder when 45 is divided by o?
3
Let t be (5 - 1)*(-5)/(-5). Let b(g) = -t + 2*g + g**2 - 16*g**3 - 3*g + 3. What is the remainder when b(-1) is divided by 5?
2
Let v(s) = s**2 + 9*s + 12. Suppose -23 + 1 = 2*a. What is the remainder when v(a) is divided by 6?
4
Let v = 5380 - 5217. Let d = 74 + -41. What is the remainder when v is divided by d?
31
Let s(z) be the third derivative of z**4/24 + z**3/3 - 9*z**2. Let t be s(6). Let w = 20 - t. Calculate the remainder when 45 is divided by w.
9
Suppose -5*w + 3 = -12. What is the remainder when 16/4 + 3 + (3 - w) is divided by 4?
3
Suppose 4*q - 51 = 9. Let s = 200 + -160. What is the remainder when s is divided by q?
10
Let b(t) = -t**3 - 14*t**2 - 94*t + 25. What is the remainder when b(-6) is divided by 93?
22
Suppose n - 2*h = 50, -90 + 265 = 4*n - 3*h. Let a = -29 - -50. Calculate the remainder when n is divided by a.
19
Let d be (0/1)/4 - -4. Suppose c = d*c + 12. Calculate the remainder when 102 - (-6)/c*2 is divided by 34.
31
Let b = -160 + 182. Calculate the remainder when 239 is divided by b.
19
Let l = 1278 - 1263. What is the remainder when (-6)/4*(-48)/1 is divided by l?
12
Suppose 4*w = 53 + 99. Let y(n) = -n**3 + 5*n**2 + 7. What is the remainder when w is divided by y(5)?
3
Let w(m) = -2*m**2 + 5*m - 6. Let d be w(2). Let q(y) = -2*y. Calculate the remainder when 38 is divided by q(d).
6
Let c = 15 + -5. Let w be 9/27 + (-238)/(-6). Let b = w + -22. What is the remainder when b is divided by c?
8
Suppose 0 = -5*d - 0*f + 4*f + 122, 0 = -2*d - 3*f + 35. Let q = 31 + 36. Let h = q - d. Calculate the remainder when h is divided by 24.
21
Suppose 3*f - 1 = 5. Suppose 0 = 7*p - f*p - 35. Calculate the remainder when 26 is divided by p.
5
Let v = 1307 - 272. What is the remainder when v is divided by 20?
15
Suppose z + 10 = 7. Let l = 51 + -34. What is the remainder when l is divided by (-111)/(-12) + z/12?
8
Suppose -3*n + 403 = 5*z, 2*z - 154 = 10*n - 13*n. Calculate the remainder when 662 is divided by z.
81
Let k(z) = -z + 9. Let p be k(6). Suppose 0 = -p*i - 4*q + 113, -q = 3*i - 0*i - 107. Calculate the remainder when i is divided by 19.
16
Let a = -54 - -50. What is the remainder when (-63 + 1)*a/8 is divided by 11?
9
Let o be (-2 - (4 + -2)) + 2. Let h(x) = -2*x**3 + 2*x**2 + 6. Let u be h(3). Let r = o - u. Calculate the remainder when 81 is divided by r.
25
Suppose -2*t + 5*l + 0*l - 1 = 0, -t = 4*l - 32. Suppose -16 = 3*w - 7*w. Suppose -51 = w*x - 191. What is the remainder when x is divided by t?
11
Let q = 24 + -18. Suppose 3*w - 9 = -3*r, w = -4*r + q + 3. Suppose 0 = 2*o + r - 24. Calculate the remainder when o is divided by 3.
2
Suppose -441*i - 108 = -444*i. What is the remainder when i is divided by 10?
6
Let w be (-6)/3 - 1 - -61. Let m = 11 + w. Let q(j) = -j + 10. What is the remainder when m is divided by q(-8)?
15
Let h = 0 + 1. Suppose -t = -1 - 2, b - t + h = 0. Suppose i - 11 = 3*r, 0 = 13*i - 15*i + 2*r + 10. Calculate the remainder when b is divided by i.
0
Let v = 318 + -304. Calculate the remainder when 52 is divided by v.
10
